e -5*w + b = -810. Is w prime?
False
Suppose -1251 - 11 = -z. Suppose s = -v - 0*v + 252, -3*v = 5*s - z. Is s a composite number?
True
Let s(x) = -47*x - 4. Let w(z) = -48*z - 5. Let o(q) = 4*s(q) - 3*w(q). Suppose -4*j = -3*r + 33, 2*j - 2*r + 3 = -15. Is o(j) prime?
True
Let v(b) be the first derivative of 1/2*b**2 - 1/4*b**4 + 1 + 59*b + 0*b**3. Is v(0) composite?
False
Is ((-12)/4 + 4)*123 prime?
False
Let x(w) = -13*w + 1. Is x(-10) a prime number?
True
Suppose 5*k + 6 = 26. Suppose 0 = k*d + d - 635. Is d a prime number?
True
Let l = -62 - -409. Is l a composite number?
False
Let m(r) = -11*r - 3. Let y be m(-2). Suppose -4*w = 4, -3*g - 3*w + y = -4*w. Is 968/6 + (-2)/g a prime number?
False
Suppose -2*t + 3*y - 19 = 0, -2*y = -2*t - 3*y - 15. Let i(a) = a**2 - 4*a - 7. Is i(t) a composite number?
False
Let k be ((-4)/6)/(1/(-33)). Is -44*(-2)/(16/k) composite?
True
Let k(z) = -z**2 + 9*z - 9. Let r be k(7). Let j(m) be the second derivative of m**4/4 - 2*m**3/3 + m**2 - 3*m. Is j(r) a prime number?
False
Let z(c) be the third derivative of 11*c**6/120 - c**5/30 - c**4/24 - c**3/6 + c**2. Let r(w) = -w + 4. Let o be r(2). Is z(o) composite?
True
Let y(m) = -51*m + 2. Is y(-1) a prime number?
True
Suppose 3*t = -4*o + 499, 0 = -0*o + 2*o + 3*t - 245. Is o a composite number?
False
Let n(t) = -t**2 + 9*t - 8. Suppose 0 = 3*i + 9 - 33. Let y be n(i). Suppose -f = -y*f - 22. Is f a composite number?
True
Let x(t) = -t**3 - 13*t**2 - 12*t + 3. Let h = -1 + -11. Let g be x(h). Suppose -g*k = -2*k - 9. Is k prime?
False
Let r = 331 - 0. Is r a prime number?
True
Suppose -m = -4*m + 9. Suppose -8*o = -2*k - m*o + 293, 0 = 2*k + 4*o - 302. Is k composite?
False
Let w(g) = 6*g**2 - 1. Is w(7) composite?
False
Let f = 5 - 2. Suppose 2*p = f*v + 95, 16 = p + 2*v - 28. Is p composite?
True
Let p be 380 - (-4)/(-6)*-3. Suppose -4*q = -p - 102. Let g = q + -56. Is g a prime number?
False
Let l(p) = p**2 - 7*p - 15. Let c = 0 - -14. Is l(c) prime?
True
Suppose -4 = -2*i + 6. Suppose 0 = 4*x - 7 - 13, 2*x - 10 = -i*b. Suppose 165 = 3*k - 2*v - 382, -2*v - 4 = b. Is k a composite number?
False
Suppose 4*g + d - 11 = 0, 0*d = -3*d - 15. Suppose 4*p - 616 = -0*m - g*m, 4*m = 2*p - 278. Is p a prime number?
True
Suppose 4*w = -0*w + 16. Let p(b) = -6*b**2 - 2*b**3 + 3 + 2 + 4*b**3. Is p(w) prime?
True
Suppose 7*f + 4325 = 12*f. Is f a prime number?
False
Suppose 4*b + 4899 = 7*b. Is b prime?
False
Suppose 5*o - 2*x + 7*x = 20, 0 = -3*o - x + 8. Suppose b + 4659 = w + 1859, o*w + 5*b = 5635. Is (-1)/2 - w/(-22) composite?
False
Let y = -7366 - -10709. Is y prime?
True
Suppose k - 487 = -4*u, 0 = 4*u - 0*k - 4*k - 512. Is u composite?
True
Let n(t) = 2*t - 2. Suppose 0*k = -2*k + 12. Let y be n(k). Let u = y - 4. Is u a prime number?
False
Let q(d) = 41*d**2 + 4. Let y be q(6). Suppose 0*j - 3*n + 304 = j, 5*j - 5*n - y = 0. Is j composite?
True
Let w = 1910 + -1201. Is w prime?
True
Let y(x) = x + 1. Let s be y(-1). Suppose 2*m + s*m - 2*d + 556 = 0, 0 = -m + 5*d - 294. Let g = -131 - m. Is g prime?
False
Is (-2)/10 - (-236)/5 composite?
False
Suppose -46 = -5*g + 239. Is g a composite number?
True
Let l(t) = 113*t + 3. Let m be l(4). Suppose 0 = -n - 0*v + v + 87, 5*n - m = v. Let o = 143 - n. Is o composite?
True
Is (-11)/(2/(-3) - 8/24) a composite number?
False
Let x = -12 - -20. Suppose -7 = -5*v + x. Suppose 0 = -4*m + i + 485, 404 - 42 = v*m + i. Is m prime?
False
Let p = 358 - -2079. Is p composite?
False
Let t be ((-3 - -4) + 0)*-6. Let r = 7 - t. Is r prime?
True
Let s(g) be the first derivative of -g**4/4 + 7*g**3/3 - 3*g**2 + 7*g - 2. Is s(6) composite?
False
Let y be ((-6)/4)/(3/(-4)). Is 64 + 2 + (-2)/y a composite number?
True
Is (((-75)/10)/15)/((-1)/844) composite?
True
Suppose 1 + 3 = j. Suppose -4*i - 12 = -j*q, 3*i = -6*q + 2*q - 9. Suppose -2*g + 8 = b + g, q = -3*b + 4*g + 37. Is b prime?
True
Let d(m) = m**2 + 1. Let x(o) = o**3 + 14*o**2 + 3*o - 3. Let s(r) = -6*d(r) + x(r). Let c be (-2)/(-6) + 44/(-6). Is s(c) prime?
True
Suppose t - 2939 = -5*c, -2*c + 2923 = 3*c - 3*t. Is c a composite number?
False
Suppose -5*j + 1748 = n - 875, -3*n + j + 7917 = 0. Is n composite?
True
Let g(o) = 60*o**2 - 1 + 2*o - 2 + 4. Is g(-1) a composite number?
False
Let z(j) = -j**3 + j + 2. Let g be z(0). Let s be (g/(4/6))/1. Suppose s*x + 196 = 7*x. Is x prime?
False
Let l(q) = -q**2 + 8*q + 3. Let z be l(8). Let j = 3 - z. Suppose 0 = 5*o + 4*y - 113, -2*o - 4*y + 20 + 18 = j. Is o composite?
True
Let f = -9 + 19. Is f a prime number?
False
Is 2411 + (-3 - -3)/2 a prime number?
True
Suppose 6*a - 15481 = 3497. Is a prime?
True
Let x(p) = -p - 119. Let g be x(0). Let f be 4/(0 - 2/27). Let n = f - g. Is n composite?
True
Let a = 6 - 4. Let l be (124/(-5))/(a/(-10)). Is ((-4)/8)/((-2)/l) a composite number?
False
Let p = 165 + -11. Let x = -35 + p. Is x a composite number?
True
Let c(s) be the third derivative of -1/6*s**3 + 2/3*s**4 - 2*s**2 + 0*s + 0. Is c(1) prime?
False
Let n = -38 - -72. Is n a composite number?
True
Is 2/10 - 4428/(-10) a prime number?
True
Is (26/(-39))/((-4)/1338) a composite number?
False
Suppose -5*f + 70 = -0*f. Suppose -3*t + 4*n + f = 0, 0*t - 6 = -4*t - n. Suppose -5*d + 5*m - 197 = -622, 2*d - 162 = -t*m. Is d composite?
False
Let m be 119/42 - (-2)/12. Let l(b) = b**2 + 4*b - 1. Let a be l(-5). Suppose 0 = t - a*s - 12 - 7, -m*s = -4*t + 50. Is t composite?
False
Suppose 4*m - 6*m + 4 = 0. Suppose m = 3*c - 2*n - 30, -5*c = 4*n - 46. Suppose -4*s = -102 + c. Is s composite?
False
Let b be (-6)/(-33) + 6033/33. Suppose 2 = m + 7, -f + 4*m + b = 0. Is f a prime number?
True
Suppose 2*w - 6 = -0*w. Let c(m) = 296*m - 1. Is c(w) a composite number?
False
Suppose p + 5 = -4*p + 5*k, p = 2*k - 6. Suppose p*d + d - 295 = 0. Is d a prime number?
True
Let v be 0*1/(-3)*-1. Suppose 0 = -5*c + 3*b - v*b - 154, c - 5*b = -44. Let q = 55 + c. Is q composite?
True
Let r(b) = -163*b - 7. Is r(-12) a prime number?
True
Is 3/12 - 859/(-4) a composite number?
True
Let b(c) = -6*c - 11. Suppose 5*w + 0 = 90. Let m = 10 - w. Is b(m) a composite number?
False
Let i = 260 + 231. Is i prime?
True
Suppose -5*w + v + 10 = 0, 0*v - 4*v = 0. Suppose -w*c = 4*n - 110, 3*n - n + 190 = 4*c. Is c a prime number?
False
Let k = 6 + -4. Let m(u) = 197*u**2 - 1. Is m(k) prime?
True
Let w = -8 - -8. Suppose 3*m + r - 37 - 105 = w, -4*r - 168 = -4*m. Is m prime?
False
Let d(b) = 11*b**2 - 1. Let t(u) = -2*u**2 - 2*u + 2. Let h be t(-2). Is d(h) a prime number?
True
Let r(b) be the first derivative of -b**4/4 + 13*b**3/3 + 5*b**2 + 9*b + 2. Is r(10) composite?
False
Let d(w) = w**2 + 6*w - 8. Let o be d(-7). Let v = 4 + o. Suppose 114 = -0*f + v*f. Is f composite?
True
Let f = 3230 + 156. Is f a composite number?
True
Suppose 0 = -3*h - 2*h + 530. Let n = h - -117. Is n a prime number?
True
Let m = 37 - -256. Is m a composite number?
False
Let m(w) = -w**3 - 10*w**2 + 5*w + 5. Is m(-12) prime?
True
Let z(v) = -2*v**2 + 10*v - 13. Let y(i) = i**2 + 1. Let d(f) = -y(f) - z(f). Let k be d(9). Let p(q) = 6*q - 4. Is p(k) prime?
False
Suppose 3213 = 3*t + 3*s, 3*s + 2211 = 3*t - 1014. Is t a composite number?
True
Let i be 2 + -1 + 10 - -1. Let h be (-2)/7 - i/7. Is 2/4 - 69/h composite?
True
Suppose 0 = 3*r + r - 520. Let f be (-186)/(-4)*6/(-3). Let s = f + r. Is s a prime number?
True
Let i(q) be the second derivative of -14*q**3/3 + 3*q**2/2 - 5*q. Is i(-2) composite?
False
Suppose 0*o + 4*o = 804. Is o a composite number?
True
Suppose 0 = 15*q - 455 - 10. Is q a composite number?
False
Suppose 0 = 4*u - 5*w - 2542, 2*u + 3*w = u + 627. Is u a prime number?
False
Let v = 318 - 184. Is v composite?
True
Suppose 8 = 2*a - 0. Let x be a/18 + (-166)/18. Let n = x - -22. Is n composite?
False
Let c(x) = 2*x**2 - 6*x - 6. Let u = -8 + 18. Is c(u) a prime number?
False
Let p = -2 + 5. Suppose 3*q + 15 = -2*q, p*a - 2*q - 969 = 0. Let f = -190 + a. Is f a prime number?
True
Is (-12)/(-9)*(-1818)/(-12) prime?
False
Let k be (-4 - -2) + 1/1. Is (1 + (-82)/k)*1 a composite number?
False
Let k(b) = -b**2 + 8*b - 5. Let j be k(7). Suppose 3 + 5 = 4*n. Suppose -25 = -4*y + w, -j*y + n*w = -3*y + 13. Is y prime?
True
Let q = -4 - -8. Suppose 10 = -2*v + q*v. Let a(s)